{"id":7,"date":"2019-01-02T17:17:40","date_gmt":"2019-01-02T16:17:40","guid":{"rendered":"https:\/\/www.evexperts.net\/?page_id=7"},"modified":"2025-09-18T10:45:30","modified_gmt":"2025-09-18T08:45:30","slug":"offre","status":"publish","type":"page","link":"https:\/\/www.evexperts.net\/index.php\/offre\/","title":{"rendered":"Notre offre"},"content":{"rendered":"<div id=\"cs-content\" class=\"cs-content\"><div class=\"x-section x-hide-lg x-hide-md x-hide-sm x-hide-xl x-hide-xs e7-e1 m7-0 m7-1 m7-2 m7-3 m7-4\"><div class=\"x-container max width e7-e2 m7-a m7-b\"><div class=\"x-column x-sm x-1-1 e7-e3 m7-f m7-g m7-h\"><ul  class=\"x-block-grid bloc_volets three-up\" ><li id=\"num1\" class=\"x-block-grid-item volets\" ><p class=\"volets_title\">Exp\u00e9rience client<\/p>\n\n<div class=\"separator\"><\/div>\n\n<ul>\n<li><p class=\"volets_p\">\nContribution \u00e0 la d\u00e9finition des parcours clients et exploitants, des besoins, des services \u00e0 satisfaire, des ambiances, des atmosph\u00e8res, (convivialit\u00e9 et s\u00e9curit\u00e9.\n<\/p><\/li>\n<li><p class=\"volets_p\">\nProposition de sp\u00e9cifications en mati\u00e8re d\u2019Innovation et de cr\u00e9ation d\u2019une atmosph\u00e8re immersive, sonorit\u00e9, animation visuelle, etc. (animation)\n<\/p><\/li>\n<\/ul><\/li><li id=\"num2\" class=\"x-block-grid-item volets\" ><p class=\"volets_title\">Programmation des sites en configuration olympique et paralympique <\/p>\n\n<div class=\"separator\"><\/div>\n\n<ul>\n<li><p class=\"volets_p\">En collaboration avec les titulaires du lot 2, r\u00e9alisation des plans, et des lots 1 et 6, d\u00e9finition des besoins m\u00e9dias et d\u2019\u00e9nergie.\n<\/p><\/li>\n\n<li><p class=\"volets_p\">\nD\u00e9finition des besoins programmatiques techniques, \u00e9clairage, connectivit\u00e9, \u00e9cran, etc.\n<\/p><\/li>\n\n<li><p class=\"volets_p\">\nD\u00e9finition du fonctionnement des espaces annexes, parkings, espaces concessifs, points de vente produits d\u00e9riv\u00e9s, loges, etc, et des flux logistiques associ\u00e9es.\n<\/p><\/li>\n<li><p class=\"volets_p\">\nR\u00e9flexion sur les niveaux de finition des sites et l\u2019optimisation des co\u00fbts. \n<\/p><\/li>\n\n<li><p class=\"volets_p\">D\u00e9finition des principes de modularit\u00e9 et de polyvalence des sites, notamment en configuration post Jeux.\n<\/p><\/li>\n<li><p class=\"volets_p\">Validation des plans op\u00e9rationnels et techniques des sites. \n<\/p><\/li>\n\n\n\n\n<\/ul>\n\n\n\n\n\n\n<\/li><li id=\"num3\" class=\"x-block-grid-item volets\" ><p class=\"volets_title\">Organisation op\u00e9rationnelle<\/p>\n\n<div class=\"separator\"><\/div>\n<ul>\n \t<li>\n<p class=\"volets_p\">Identification (\u00ab mapping \u00bb) et qualification des prestataires de services existants ou potentiels sur chaque site olympique et paralympique : offre de restauration, suret\u00e9, s\u00e9curit\u00e9, gestion audiovisuelle et technique, nettoyage, m\u00e9dical, etc.<\/p>\n<\/li>\n \t<li>\n<p class=\"volets_p\">Audit des organisations en place et de contr\u00f4le d\u2019avancement des projets,<\/p>\n<\/li>\n \t<li>\n<p class=\"volets_p\">Proposition d\u2019organisation cible, d\u00e9finissant les comp\u00e9tences et moyens en place mobilisables et les prestataires \u00e0 recruter.<\/p>\n<\/li>\n \t<li>\n<p class=\"volets_p\">Elaboration de pr\u00e9 cahiers des charges et estimation des co\u00fbts de fonctionnement.<\/p>\n<\/li>\n \t<li>\n<p class=\"volets_p\">Contribution \u00e0 la r\u00e9flexion sur l\u2019apr\u00e8s JO.<\/p>\n<\/li>\n<\/ul><\/li><\/ul><\/div><\/div><\/div><div class=\"x-section e7-e8 m7-0 m7-1 m7-5 members_section\"><div class=\"x-container max width marginless-columns e7-e9 m7-a m7-b\"><div class=\"x-column x-sm x-1-3 e7-e10 m7-g m7-i m7-j m7-k m7-l member_img\" style=\"vertical-align:middle\"><div class=\"x-text x-text-headline e7-e11 m7-n m7-o Member_name\"><div class=\"x-text-content\"><div class=\"x-text-content-text\"><span class=\"x-text-content-text-primary\"><p><strong>Exp\u00e9rience client<\/strong><\/p><\/span>\n<\/div><\/div><\/div><\/div><div class=\"x-column x-sm x-2-3 e7-e12 m7-f m7-g m7-h\"><div class=\"x-text x-content e7-e13 m7-q member_text\"><p>Contribution \u00e0 la d\u00e9finition des parcours clients et exploitants, des besoins, des services \u00e0 satisfaire, des ambiances, des atmosph\u00e8res (convivialit\u00e9 et s\u00e9curit\u00e9).<\/p>\n<p>Proposition de sp\u00e9cifications en mati\u00e8re d\u2019Innovation et de cr\u00e9ation d\u2019une atmosph\u00e8re immersive, sonorit\u00e9, animation visuelle, etc.<\/p><\/div><\/div><\/div><\/div><div class=\"x-section e7-e14 m7-0 m7-1 m7-2 m7-4 m7-6\"><div class=\"x-container max width e7-e15 m7-a m7-b\"><div class=\"x-column x-sm x-1-1 e7-e16 m7-f m7-g m7-h m7-l\"><span class=\"x-image e7-e17 m7-r m7-s m7-t m7-u m7-v\"><img decoding=\"async\" src=\"https:\/\/www.evexperts.net\/wp-content\/uploads\/2019\/08\/wfrc.jpg\" width=\"1300\" height=\"600\" alt=\"Image\" loading=\"lazy\"><\/span><\/div><\/div><\/div><div class=\"x-section e7-e18 m7-0 m7-1 m7-5 members_section\"><div class=\"x-container max width marginless-columns e7-e19 m7-a m7-b\"><div class=\"x-column x-sm x-1-3 e7-e20 m7-g m7-h m7-i m7-l member_img\" style=\"vertical-align:middle\"><div class=\"x-text x-text-headline e7-e21 m7-n m7-o Member_name\"><div class=\"x-text-content\"><div class=\"x-text-content-text\"><span class=\"x-text-content-text-primary\"><p><strong>Programmation de sites en configuration<\/strong><\/p>\n<p><strong>\u00ab\u00a0Grand Ev\u00e8nement\u00a0\u00bb<\/strong><\/p><\/span>\n<\/div><\/div><\/div><\/div><div class=\"x-column x-sm x-2-3 e7-e22 m7-f m7-g m7-h\"><div class=\"x-text x-content e7-e23 m7-q member_text\"><p>Analyse des besoins, cahiers des charges des F\u00e9d\u00e9rations internationales<\/p>\n<p>D\u00e9finition du fonctionnement des sites, mobilit\u00e9, parkings, parvis, espaces concessifs, points de vente produits d\u00e9riv\u00e9s, loges, tribunes, \u2026, et des flux logistiques associ\u00e9s.<\/p>\n<p>D\u00e9finition des besoins temporaires d\u2019am\u00e9nagement et techniques (tribune, tente, bungalow, container, barri\u00e8re, \u00e9clairage, \u00e9crans, t\u00e9l\u00e9phonie, r\u00e9seaux, CVC, \u00e9nergie, passage de c\u00e2ble, etc, signal\u00e9tique, d\u00e9coration).<\/p>\n<p>R\u00e9flexion sur les niveaux de finition des sites et l\u2019optimisation des am\u00e9nagements temporaires au regard d\u2019am\u00e9nagement permanent<\/p>\n<p>D\u00e9finition des principes de modularit\u00e9 et de polyvalence des sites, notamment en configuration post Ev\u00e8nement (h\u00e9ritage).<\/p>\n<p>Validation des plans op\u00e9rationnels et techniques des sites.<\/p>\n<p>D\u00e9finition des sp\u00e9cifications techniques<\/p><\/div><\/div><\/div><\/div><div class=\"x-section e7-e24 m7-0 m7-1 m7-2 m7-6\"><div class=\"x-container max width e7-e25 m7-a m7-b\"><div class=\"x-column x-sm x-1-1 e7-e26 m7-f m7-g m7-j m7-l m7-m\"><span class=\"x-image e7-e27 m7-r m7-s m7-t m7-u m7-v\"><img decoding=\"async\" src=\"https:\/\/www.evexperts.net\/wp-content\/uploads\/2019\/02\/20160807_102205.jpg\" width=\"5312\" height=\"2988\" alt=\"Image\" loading=\"lazy\"><\/span><\/div><\/div><\/div><div class=\"x-section e7-e28 m7-0 m7-1 m7-5 members_section\"><div class=\"x-container max width marginless-columns e7-e29 m7-a m7-b\"><div class=\"x-column x-sm x-1-3 e7-e30 m7-g m7-h m7-i member_img\" style=\"vertical-align:middle\"><div class=\"x-text x-text-headline e7-e31 m7-n m7-o Member_name\"><div class=\"x-text-content\"><div class=\"x-text-content-text\"><span class=\"x-text-content-text-primary\"><p><strong>Organisation op\u00e9rationnelle<\/strong><\/p><\/span>\n<\/div><\/div><\/div><\/div><div class=\"x-column x-sm x-2-3 e7-e32 m7-f m7-g m7-h\"><div class=\"x-text x-content e7-e33 m7-q member_text\"><p>Planification g\u00e9n\u00e9rale des \u00e9v\u00e8nements et op\u00e9rationnelle des sites (clients, am\u00e9nagements, services, ressources, \u2026, tests)<\/p>\n<p>Sourcing et qualification des prestataires de services existants ou potentiels sur chaque site\u00a0: pouvant d\u00e9livrer toute ou partie de l\u2019\u00e9v\u00e8nement, accueil, s\u00fbret\u00e9, s\u00e9curit\u00e9, restauration, gestion audiovisuelle et technique, digital, nettoyage, m\u00e9dical, etc.<\/p>\n<p>Audit des organisations en place, et proposition d\u2019organisation cible pour livrer les am\u00e9nagements, les \u00e9v\u00e8nements, d\u00e9finissant les comp\u00e9tences et moyens en place mobilisables, les collaborateurs, prestataires \u00e0 recruter.<\/p>\n<p>Elaboration des budgets, des plans de recrutement<\/p>\n<p>D\u00e9finition des fiches de postes et recrutement des collaborateurs<\/p>\n<p>Elaboration de pr\u00e9 cahiers des charges et estimation des co\u00fbts<\/p>\n<p>Suivi des travaux de construction, de restructuration et coordination avec les acteurs<\/p>\n<p>Identification et \u00e9valuation des risques et proposition de plan de contingence<\/p>\n<p>Pr\u00e9paration et gestion de l\u2019\u00e9v\u00e8nement<\/p>\n<p>Contribution \u00e0 la r\u00e9flexion sur l\u2019apr\u00e8s \u00e9v\u00e8nement et l\u2019h\u00e9ritage pour la communaut\u00e9 et le ma\u00eetre d\u2019ouvrage.<\/p><\/div><\/div><\/div><\/div><div class=\"x-section x-hide-lg x-hide-md x-hide-sm x-hide-xl x-hide-xs e7-e34 m7-0 m7-1 m7-3 m7-7 m7-8\"><div class=\"x-container max width e7-e35 m7-a m7-b m7-c\"><div class=\"x-column x-sm x-1-3 e7-e36 m7-f m7-g m7-h m7-l\"><span class=\"x-image e7-e37 m7-r m7-t m7-u\"><img decoding=\"async\" src=\"https:\/\/www.evexperts.net\/wp-content\/uploads\/2019\/02\/Plan-de-travail-\u2013-9.png\" width=\"150\" height=\"150\" alt=\"Image\" loading=\"lazy\"><\/span><\/div><div class=\"x-column x-sm x-1-3 e7-e38 m7-f m7-g m7-h m7-l\"><span class=\"x-image e7-e39 m7-r m7-t m7-u\"><img decoding=\"async\" src=\"https:\/\/www.evexperts.net\/wp-content\/uploads\/2019\/02\/Plan-de-travail-\u2013-10.png\" width=\"150\" height=\"150\" alt=\"Image\" loading=\"lazy\"><\/span><\/div><div class=\"x-column x-sm x-1-3 e7-e40 m7-f m7-g m7-h\"><span class=\"x-image e7-e41 m7-r m7-t m7-u\"><img decoding=\"async\" src=\"https:\/\/www.evexperts.net\/wp-content\/uploads\/2019\/02\/Plan-de-travail-\u2013-5.png\" width=\"150\" height=\"150\" alt=\"Image\" loading=\"lazy\"><\/span><\/div><\/div><\/div><div class=\"x-section e7-e42 m7-1 m7-3 m7-7 m7-9\"><div class=\"x-container max width e7-e43 m7-a m7-b m7-d\"><div class=\"x-column x-sm x-1-1 e7-e44 m7-f m7-g m7-h m7-l\"><span class=\"x-image e7-e45 m7-r m7-s m7-u m7-v m7-w\"><img decoding=\"async\" src=\"https:\/\/www.evexperts.net\/wp-content\/uploads\/2019\/02\/Hand17.jpg\" width=\"2656\" height=\"1494\" alt=\"Image\" loading=\"lazy\"><\/span><div class=\"x-text x-text-headline e7-e46 m7-n m7-p Member_name\"><div class=\"x-text-content\"><div class=\"x-text-content-text\"><span class=\"x-text-content-text-primary\"><p><strong>Autres photos<\/strong><\/p><\/span>\n<\/div><\/div><\/div><\/div><\/div><div class=\"x-container max width e7-e47 m7-b m7-e\"><div class=\"x-column x-sm x-1-1 e7-e48 m7-f m7-g m7-h m7-l\"><div class=\"x-grid x-container max width e7-e49 m7-z m7-10\"><div class=\"x-cell e7-e50 m7-12\"><span class=\"x-image e7-e51 m7-r m7-t m7-u m7-v m7-x\"><img decoding=\"async\" src=\"https:\/\/www.evexperts.net\/wp-content\/uploads\/2025\/09\/eve-autre-photo-1.jpg\" width=\"454\" height=\"256\" alt=\"Image\" loading=\"lazy\"><\/span><\/div><div class=\"x-cell e7-e52 m7-12\"><span class=\"x-image e7-e53 m7-r m7-t m7-y\"><img decoding=\"async\" src=\"https:\/\/www.evexperts.net\/wp-content\/uploads\/2025\/09\/eve-autre-photo-2.jpg\" width=\"908\" height=\"512\" alt=\"Image\" loading=\"lazy\"><\/span><\/div><div class=\"x-cell e7-e54 m7-12\"><span class=\"x-image e7-e55 m7-r m7-t m7-y\"><img decoding=\"async\" src=\"https:\/\/www.evexperts.net\/wp-content\/uploads\/2025\/09\/eve-autre-photo-3.jpg\" width=\"908\" height=\"512\" alt=\"Image\" loading=\"lazy\"><\/span><\/div><div class=\"x-cell e7-e56 m7-12\"><span class=\"x-image e7-e57 m7-r m7-t m7-y\"><img decoding=\"async\" src=\"https:\/\/www.evexperts.net\/wp-content\/uploads\/2025\/09\/eve-autre-photo-4.jpg\" width=\"908\" height=\"512\" alt=\"Image\" loading=\"lazy\"><\/span><\/div><div class=\"x-cell e7-e58 m7-12\"><span class=\"x-image e7-e59 m7-r m7-t m7-y\"><img decoding=\"async\" src=\"https:\/\/www.evexperts.net\/wp-content\/uploads\/2025\/09\/eve-autre-photo-5.jpg\" width=\"908\" height=\"512\" alt=\"Image\" loading=\"lazy\"><\/span><\/div><div class=\"x-cell e7-e60 m7-12\"><span class=\"x-image e7-e61 m7-r m7-t m7-y\"><img decoding=\"async\" src=\"https:\/\/www.evexperts.net\/wp-content\/uploads\/2025\/09\/eve-autre-photo-6.jpg\" width=\"908\" height=\"512\" alt=\"Image\" loading=\"lazy\"><\/span><\/div><\/div><div class=\"x-grid x-container max width e7-e62 m7-z m7-11\"><div class=\"x-cell e7-e63 m7-12\"><span class=\"x-image e7-e64 m7-r m7-t m7-u m7-v m7-x\"><img decoding=\"async\" src=\"https:\/\/www.evexperts.net\/wp-content\/uploads\/2025\/09\/eve-autre-photo-7.jpg\" width=\"908\" height=\"512\" alt=\"Image\" loading=\"lazy\"><\/span><\/div><div class=\"x-cell e7-e65 m7-12\"><span class=\"x-image e7-e66 m7-r m7-t m7-y\"><img decoding=\"async\" src=\"https:\/\/www.evexperts.net\/wp-content\/uploads\/2025\/09\/eve-autre-photo-8.jpg\" width=\"908\" height=\"512\" alt=\"Image\" loading=\"lazy\"><\/span><\/div><div class=\"x-cell e7-e67 m7-12\"><span class=\"x-image e7-e68 m7-r m7-t m7-y\"><img decoding=\"async\" src=\"https:\/\/www.evexperts.net\/wp-content\/uploads\/2025\/09\/eve-autre-photo-9.jpg\" width=\"908\" height=\"512\" alt=\"Image\" loading=\"lazy\"><\/span><\/div><div class=\"x-cell e7-e69 m7-12\"><span class=\"x-image e7-e70 m7-r m7-t m7-y\"><img decoding=\"async\" src=\"https:\/\/www.evexperts.net\/wp-content\/uploads\/2025\/09\/eve-autre-photo-10.jpg\" width=\"908\" height=\"512\" alt=\"Image\" loading=\"lazy\"><\/span><\/div><div class=\"x-cell e7-e71 m7-12\"><span class=\"x-image e7-e72 m7-r m7-t m7-y\"><img decoding=\"async\" src=\"https:\/\/www.evexperts.net\/wp-content\/uploads\/2025\/09\/eve-autre-photo-11.jpg\" width=\"908\" height=\"512\" alt=\"Image\" loading=\"lazy\"><\/span><\/div><div class=\"x-cell e7-e73 m7-12\"><span class=\"x-image e7-e74 m7-r m7-t m7-y\"><img decoding=\"async\" src=\"https:\/\/www.evexperts.net\/wp-content\/uploads\/2025\/09\/eve-autre-photo-17.jpg\" width=\"908\" height=\"512\" alt=\"Image\" loading=\"lazy\"><\/span><\/div><\/div><div class=\"x-grid x-container max width e7-e75 m7-z m7-11\"><div class=\"x-cell e7-e76 m7-12\"><span class=\"x-image e7-e77 m7-r m7-t m7-u m7-v m7-x\"><img decoding=\"async\" src=\"https:\/\/www.evexperts.net\/wp-content\/uploads\/2025\/09\/eve-autre-photo-18.jpg\" width=\"454\" height=\"256\" alt=\"Image\" loading=\"lazy\"><\/span><\/div><div class=\"x-cell e7-e78 m7-12\"><span class=\"x-image e7-e79 m7-r m7-t m7-v m7-x m7-y\"><img decoding=\"async\" src=\"https:\/\/www.evexperts.net\/wp-content\/uploads\/2025\/09\/eve-autre-photo-19.jpg\" width=\"908\" height=\"408\" alt=\"Image\" loading=\"lazy\"><\/span><\/div><div class=\"x-cell e7-e80 m7-12\"><span class=\"x-image e7-e81 m7-r m7-t m7-y\"><img decoding=\"async\" src=\"https:\/\/www.evexperts.net\/wp-content\/uploads\/2025\/09\/eve-autre-photo-20.jpg\" width=\"908\" height=\"512\" alt=\"Image\" loading=\"lazy\"><\/span><\/div><div class=\"x-cell e7-e82 m7-12\"><span class=\"x-image e7-e83 m7-r m7-t m7-y\"><img decoding=\"async\" src=\"https:\/\/www.evexperts.net\/wp-content\/uploads\/2025\/09\/eve-autre-photo-21.jpg\" width=\"800\" height=\"450\" alt=\"Image\" loading=\"lazy\"><\/span><\/div><\/div><\/div><\/div><\/div><\/div>\n","protected":false},"excerpt":{"rendered":"<p>Exp\u00e9rience client Contribution \u00e0 la d\u00e9finition des parcours clients et exploitants, des besoins, des services \u00e0 satisfaire, des ambiances, des atmosph\u00e8res, (convivialit\u00e9 et s\u00e9curit\u00e9. Proposition de sp\u00e9cifications en mati\u00e8re d\u2019Innovation et de cr\u00e9ation d\u2019une atmosph\u00e8re immersive, sonorit\u00e9, animation visuelle, etc. (animation) Programmation des sites en configuration olympique et paralympique En collaboration avec les titulaires du lot 2, r\u00e9alisation des plans, &#8230;<\/p>\n","protected":false},"author":1,"featured_media":0,"parent":0,"menu_order":0,"comment_status":"closed","ping_status":"closed","template":"template-blank-4.php","meta":{"rs_blank_template":"","rs_page_bg_color":"","slide_template_v7":"","footnotes":""},"language":[8],"class_list":["post-7","page","type-page","status-publish","hentry","language-fr_fr","no-post-thumbnail"],"_links":{"self":[{"href":"https:\/\/www.evexperts.net\/index.php\/wp-json\/wp\/v2\/pages\/7","targetHints":{"allow":["GET"]}}],"collection":[{"href":"https:\/\/www.evexperts.net\/index.php\/wp-json\/wp\/v2\/pages"}],"about":[{"href":"https:\/\/www.evexperts.net\/index.php\/wp-json\/wp\/v2\/types\/page"}],"author":[{"embeddable":true,"href":"https:\/\/www.evexperts.net\/index.php\/wp-json\/wp\/v2\/users\/1"}],"replies":[{"embeddable":true,"href":"https:\/\/www.evexperts.net\/index.php\/wp-json\/wp\/v2\/comments?post=7"}],"version-history":[{"count":48,"href":"https:\/\/www.evexperts.net\/index.php\/wp-json\/wp\/v2\/pages\/7\/revisions"}],"predecessor-version":[{"id":464,"href":"https:\/\/www.evexperts.net\/index.php\/wp-json\/wp\/v2\/pages\/7\/revisions\/464"}],"wp:attachment":[{"href":"https:\/\/www.evexperts.net\/index.php\/wp-json\/wp\/v2\/media?parent=7"}],"wp:term":[{"taxonomy":"language","embeddable":true,"href":"https:\/\/www.evexperts.net\/index.php\/wp-json\/wp\/v2\/language?post=7"}],"curies":[{"name":"wp","href":"https:\/\/api.w.org\/{rel}","templated":true}]}}